) to base 15
-eee9
-1282 (base 10) to base 13
-778
What is 39f (base 16) in base 12?
653
Convert 5341 (base 15) to base 4.
10103023
What is 64 (base 11) in base 4?
1012
What is 1484 (base 16) in base 9?
7175
What is -68400 (base 9) in base 2?
-1011000111010010
What is 2030 (base 4) in base 9?
165
Convert -1b38 (base 15) to base 3.
-22002122
What is -104130 (base 5) in base 13?
-188c
160503 (base 7) to base 14
b673
Convert -159b (base 14) to base 8.
-7425
What is 406 (base 12) in base 4?
21012
-2225 (base 12) to base 8
-7275
Convert -3223 (base 8) to base 16.
-693
Convert 81140 (base 9) to base 13.
1b378
4875 (base 11) to base 6
45302
Convert 13b (base 14) to base 7.
504
Convert -28256 (base 10) to base 5.
-1401011
What is 384 (base 10) in base 3?
112020
Convert -25933 (base 10) to base 7.
-135415
Convert -1520 (base 6) to base 11.
-341
d95 (base 14) to base 12
1673
What is -675 (base 8) in base 6?
-2021
What is -57e (base 16) in base 2?
-10101111110
Convert 617 (base 9) to base 12.
35a
22009 (base 11) to base 14
b905
Convert 2614 (base 7) to base 16.
3df
210010102 (base 3) to base 12
8ab5
Convert 6384 (base 10) to base 15.
1d59
What is 303311 (base 4) in base 7?
12446
Convert 18231 (base 11) to base 6.
314205
Convert -48a (base 11) to base 3.
-210120
40 (base 11) to base 13
35
-204 (base 14) to base 9
-480
-2021010 (base 3) to base 13
-99c
-7 (base 15) to base 8
-7
Convert -448 (base 10) to base 6.
-2024
Convert 2646 (base 9) to base 16.
7c2
Convert -11152 (base 6) to base 8.
-3054
e9 (base 15) to base 16
db
What is -273 (base 16) in base 4?
-21303
What is -110001001001 (base 2) in base 3?
-11022111
What is -954 (base 15) in base 3?
-2212221
Convert -16171 (base 9) to base 2.
-10101101001000
-142443 (base 5) to base 11
-4563
-1710c (base 14) to base 15
-12207
Convert -21526 (base 12) to base 6.
-535250
What is 20000101 (base 4) in base 9?
48867
-1641 (base 13) to base 5
-101024
What is -1385 (base 15) in base 2?
-1000001001111
Convert 1958 (base 10) to base 7.
5465
-171 (base 11) to base 8
-307
Convert -21097 (base 10) to base 13.
-97ab
-314 (base 9) to base 10
-256
What is 2e8 (base 15) in base 5?
10133
What is -352 (base 13) in base 9?
-707
What is 20032302 (base 4) in base 12?
17616
-63405 (base 7) to base 3
-210110010
What is 1162 (base 9) in base 7?
2345
Convert 1001111 (base 4) to base 15.
138b
What is -1101100100 (base 2) in base 7?
-2350
Convert -10030101 (base 4) to base 9.
-25486
9470 (base 11) to base 4
3003330
What is -40042 (base 9) in base 7?
-136424
-66da (base 15) to base 14
-7d37
What is 32033020 (base 4) in base 12?
298b4
Convert -1211202 (base 4) to base 11.
-4978
-650 (base 16) to base 6
-11252
Convert 3484 (base 15) to base 14.
40c5
-1125 (base 9) to base 5
-11313
a11 (base 11) to base 13
730
12220111 (base 3) to base 6
31534
1120012 (base 4) to base 3
21201211
What is 111223 (base 4) in base 15?
627
110101100011100 (base 2) to base 9
41546
What is 1071 (base 10) in base 2?
10000101111
Convert -126 (base 14) to base 7.
-446
Convert 100021201 (base 3) to base 13.
3109
What is 1110011101 (base 2) in base 10?
925
What is 13300322 (base 4) in base 8?
76072
What is -6982 (base 16) in base 15?
-800a
What is -212301 (base 5) in base 2?
-1110000100001
-5092 (base 11) to base 5
-204011
What is 11000110011010 (base 2) in base 3?
122102022
4024 (base 10) to base 8
7670
Convert -64b7 (base 12) to base 5.
-323313
-589 (base 12) to base 5
-11300
Convert -107 (base 14) to base 9.
-245
Convert 1a8 (base 13) to base 5.
2212
What is 1139 (base 11) in base 9?
2040
Convert -7e (base 15) to base 7.
-230
Convert -1653 (base 8) to base 2.
-1110101011
Convert 11b8 (base 16) to base 15.
1526
-3217 (base 8) to base 11
-1297
What is -67 (base 9) in base 4?
-331
-23320 (base 6) to base 2
-110100100000
What is -303231 (base 4) in base 14?
-12c5
Convert 19b (base 15) to base 14.
1c7
-2a6c (base 14) to base 3
-101100102
77 (base 16) to base 6
315
What is -110272 (base 8) in base 7?
-213006
-3 (base 6) to base 5
-3
100011110110111 (base 2) to base 15
568e
What is b93 (base 16) in base 7?
11432
7b30 (base 13) to base 14
6421
6661 (base 8) to base 9
4724
36a5 (base 11) to base 2
1001011100010
What is 1031522 (base 6) in base 13?
1a267
Convert 54344 (base 9) to base 15.
aa04
1111100010010 (base 2) to base 13
380b
Convert -5736 (base 8) to base 12.
-1912
What is -3041 (base 9) in base 7?
-6325
1001001100001011 (base 2) to base 13
14198
6 (base 9) to base 10
6
Convert 1424044 (base 5) to base 11.
20511
Convert -836 (base 12) to base 6.
-5310
-201111 (base 4) to base 15
-973
Convert 20102210 (base 3) to base 12.
2870
-2044221 (base 5) to base 16
-8607
Convert a26 (base 14) to base 5.
30434
Convert 6362 (base 7) to base 5.
32444
18e (base 16) to base 8
616
What is 4134 (base 7) in base 16?
5a6
What is 552 (base 10) in base 2?
1000101000
What is 11203110 (base 4) in base 13?
a473
252033 (base 6) to base 13
a308
What is 12865 (base 11) in base 15?
567c
-4441 (base 8) to base 6
-14453
100200020 (base 3) to base 16
1b8d
What is -1999 (base 14) in base 6?
-33255
What is -578 (base 9) in base 5?
-3401
Convert 1101101100100011 (base 2) to base 4.
31230203
Convert -1022 (base 4) to base 5.
-244
Convert 906 (base 11) to base 8.
2107
-473 (base 12) to base 13
-3c0
What is -263 (base 12) in base 4?
-11223
What is -300330 (base 4) in base 5?
-100012
Convert 1021321 (base 5) to base 7.
100546
Convert 12313 (base 5) to base 9.
1274
What is 910 (base 15) in base 3?
2210120
What is -69c (base 13) in base 15?
-513
Convert -535 (base 7) to base 5.
-2041
4b22 (base 12) to base 2
10000101001010
-103321231 (base 4) to base 11
-56277
Convert -13324 (base 7) to base 4.
-320023
Convert -6445 (base 10) to base 5.
-201240
Convert 1523 (base 8) to base 11.
704
What is -1121022 (base 5) in base 9?
-30554
Convert -15513 (base 6) to base 4.
-220011
What is 36 (base 10) in base 13?
2a
What is -1030 (base 4) in base 3?
-2211
What is -61 (base 8) in base 10?
-49
Convert 1144 (base 7) to base 5.
3144
-3426 (base 14) to base 11
-6888
1382 (base 13) to base 8
5372
What is -23031 (base 6) in base 15?
-e74
What is -78f (base 16) in base 7?
-5433
Convert -20b95 (base 12) to base 4.
-22202201
Convert -816e (base 15) to base 14.
-9d61
Convert 17441 (base 8) to base 16.
1f21
What is 1074 (base 8) in base 15?
282
Convert 1000001111000 (base 2) to base 11.
3193
Convert 147 (base 9) to base 5.
444
What is -1111111010 (base 2) in base 9?
-1351
What is -b37 (base 12) in base 15?
-737
What is 313232 (base 4) in base 5?
103231
What is -101221 (base 3) in base 16?
-127
What is 10320 (base 5) in base 2?
1011000110
What is -10101011110 (base 2) in base 9?
-1786
Convert -142 (base 13) to base 10.
-223
-232112 (base 7) to base 13
-15bc0
Convert -274 (base 14) to base 10.
-494
2546 (base 7) to base 3
1022202
What is 2dd (base 14) in base 11?
494
1120 (base 5) to base 6
424
Convert 33923 (base 10) to base 2.
1000010010000011
Convert 20302 (base 4) to base 7.
1432
-14147 (base 10) to base 9
-21358
12014 (base 5) to base 9
1182
-100010000011000 (base 2) to base 15
-5272
Convert -439 (base 16) to base 4.
-100321
What is -290 (base 10) in base 14?
-16a
What is -10406 (base 9) in base 2?
-1101011101011
Convert -121200 (base 3) to base 4.
-13002
Convert -21424 (base 5) to base 6.
-10521
What is 110010111001 (base 2) in base 10?
3257
40a (base 14) to base 8
1432
What is -343250 (base 6) in base 4?
-13021032
Convert 94b (base 16) to base 8.
4513
Convert cf (base 16) to base 6.
543
-71479 (base 10) to base 14
-1c099
Convert 1112200221 (base 3) to base 7.
154426
Convert 20424 (base 5) to base 14.
6d6
Convert 11421 (base 5) to base 7.
2340
Convert 3544 (base 10) to base 9.
4767
13303 (base 6) to base 7
5664
51e (base 15) to base 8
2202
What is 111011 (base 5) in base 10?
3881
What is 100001010 (base 2) in base 13?
176
3003 (base 4) to base 16
c3
Convert -12220 (base 3) to base 11.
-135
Convert 2289 (base 12) to base 3.
12021120
Convert 1b45 (base 12) to base 9.
4548
What is 5422 (base 6) in base 14?
646
What is 13332 (base 4) in base 16?
1fe
2127 (base 9) to base 2
11000011100
Convert 3534 (base 12) to base 11.
4514
Convert -17b3 (base 13) to base 7.
-13165
Convert -1311 (base 9) to base 5.
-12412
10101111 (base 2) to bas